hird derivative of t**4/24 + t**3/3 - t**2. Suppose 5*n + 5 = -x, 4*x - 11 = n + 11. Let c be ((-6)/n - 2)*3. Determine u(c).
5
Let y = 0 - -2. Let k(r) be the first derivative of 0*r - 2 + 3 - 2 + 2*r**2 - 2*r. Calculate k(y).
6
Let s(d) = -2*d**2 - 5*d - 4. Suppose 10 = -5*o - 5. Give s(o).
-7
Let x(h) = h**3 - h**2 - 1. Let i(s) = 3*s**2 - 4*s**3 + 0 + 2 - 2*s + 4*s. Let f(u) = -i(u) - 5*x(u). Calculate f(2).
-1
Let p = -43 - -49. Let q(u) = -2*u + 8. Give q(p).
-4
Let a(x) = 20*x**2 - 10*x. Let t(z) = 7*z**2 - 3*z. Let h(f) = 6*a(f) - 17*t(f). Give h(9).
0
Suppose 3*z - 2*z + 2 = 0. Let c(t) = 7*t**2 - 4*t. Let g(u) = -19*u**2 + 11*u. Let j(m) = 11*c(m) + 4*g(m). Calculate j(z).
4
Let j(m) = -m - 5. Let v be j(-6). Let q be (-6)/8*(v + 7). Let g(c) be the first derivative of -c**2 - 4*c + 9. Calculate g(q).
8
Suppose 2 - 10 = 2*f. Let x = 0 - f. Let z(i) = 4*i - 3*i - 1 + 3. What is z(x)?
6
Let j = 12 - 10. Suppose 0 = 4*z - 2*m - 11 - 11, 0 = -3*m - 3. Let o(d) = -6*d**3 - d + z*d**3 + 0 + j. Determine o(2).
-8
Suppose -5*s + 2*y + 10 = 4*y, 0 = s + 2*y - 10. Let z(u) be the third derivative of 1/30*u**5 - 5/24*u**4 + 2*u**2 + 1/2*u**3 + 0*u + s. What is z(3)?
6
Let y = 11 - 8. Let o(b) = -b**3 + 7*b + 0*b**y - 1 + 1 - 5*b**2 + 2. Give o(-6).
-4
Let r(d) = -15*d + 13. Let y(z) = -12*z + 7*z + 19 - 17*z. Let t(j) = 7*r(j) - 5*y(j). Let p(w) = -4*w + 5. Let b(c) = -4*p(c) - 3*t(c). Calculate b(0).
-8
Suppose 0*v + 4*v - 36 = 0. Let k be 48/v - (-2)/3. Let a be ((-15)/(-9))/(2/k). Let x(u) = -u**3 + 4*u**2 + 4*u - 3. Determine x(a).
-8
Let g(v) be the first derivative of -7*v**4/4 - 2*v**3/3 + v - 13. What is g(-1)?
6
Let o(c) = -5*c**2 - 4 - 9*c + c**2 + 2*c**2 + c**2. Let t be o(-4). Suppose 0 = -4*j - t, 0*b + 2*b - 5*j = 30. Let r(d) = d. What is r(b)?
5
Let o(m) be the first derivative of -m**2/2 + 12*m + 4. Give o(6).
6
Let q(v) = -v**2 + v. Let w(u) = 5*u**2 + 4*u - 1. Let y(g) = -2*q(g) + w(g). Give y(1).
8
Let n(r) be the third derivative of -r**6/120 + r**5/12 - r**4/12 + r**3/2 - 8*r**2. What is n(5)?
-7
Let r = 10 + -1. Let p be (-10)/(-3) - (-6)/r. Let t(q) = 4 - p - q**2 + 2*q + 1. Calculate t(-2).
-7
Let b(f) be the third derivative of -f**6/120 - f**5/12 - f**4/24 + 2*f**3/3 - 6*f**2. Give b(-3).
-11
Let g = 125 + -60. Suppose -5*j = -5*f - g, f + 2*j - 7 = -2*j. Let i = -14 - f. Let q(c) = c**2 + 6*c - 1. Calculate q(i).
-6
Let k(l) = l + 9. Let y be k(-8). Let z(q) = 7*q - 2. Determine z(y).
5
Suppose -3*z + 12 = -0*z. Let s = -7 - -7. Let r(a) = -5*a + 5 + 1 + s*a**2 - a**2 + 2*a**2. What is r(z)?
2
Let m(j) = -2*j**2 + 2*j + 4. Let a(n) = n**2 - n - 2. Let p(l) = 5*a(l) + 2*m(l). Let y be ((-8)/(-12))/(-3 + 16/6). What is p(y)?
4
Let y be (-18)/8 + 2/8. Let n(c) = c**3 - 1. Determine n(y).
-9
Let o(f) = -f**2 + 6*f + 2. Let p be o(6). Let t(n) = 2*n**2 - 3*n - 1. Let j(z) = z**2 - z - 1. Let s(q) = -j(q) + t(q). Give s(p).
0
Let r(d) be the first derivative of -2*d**2 + 3*d + 1. Let u be 8 - 5 - (4 - 3). Calculate r(u).
-5
Let n(a) = 3 - 2*a - 20*a + 21*a + 2. Calculate n(-6).
11
Let m(l) = l. Let u = 15 + -17. Let o(g) = g**3 + 3*g**2 + g - 2. Let z be o(u). Determine m(z).
0
Suppose 1 = 3*h - 5. Let r(p) be the third derivative of 0*p**4 + 0*p - 3*p**2 + 1/60*p**5 + 0 - 1/60*p**6 + 1/3*p**3. Determine r(h).
-10
Suppose -3*c + 0 = -12. Let m(j) be the first derivative of j**4/4 - 5*j**3/3 + j**2 - j + 5. Determine m(c).
-9
Let l(v) be the second derivative of v**8/3360 - v**7/1260 + v**6/720 + v**5/120 - 5*v**4/12 + 2*v. Let i(u) be the third derivative of l(u). What is i(2)?
11
Suppose -5*q + 14 = -4*v + 34, -2*v + q + 10 = 0. Let a(f) = -f**2 + f**3 - 3*f**2 - 9*f + 3*f. Determine a(v).
-5
Let j(l) = -l + 5. Let u = -1 + 3. Suppose u*q = 4*q. Calculate j(q).
5
Let i(k) = 4*k**2 - 7*k - 2. Let z(s) = 7*s**2 - 13*s - 3. Let o(u) = 5*i(u) - 3*z(u). Give o(2).
3
Let v(i) = 2 - 5*i**3 + 4*i**3 - i - 5*i**2 + 10*i**2. Let n = 21 + -16. What is v(n)?
-3
Let x(d) be the first derivative of -d**4/4 - 4*d**3/3 + 2*d**2 - 4*d + 16. Let l be (0*(-1)/(-2))/(-1). Let j = l + -5. What is x(j)?
1
Suppose -1 = -o + 1. Let r be 4/(-2)*(-5)/o. Suppose -5*l = 5*u - 45, -7*u = -5*l - 2*u - r. Let z(t) = t**2 - 4*t + 2. What is z(l)?
2
Let o(t) = -t**2 + 1. Let q(n) = n**3 - 4*n**2 + 6*n - 9. Let f(u) = 2*o(u) + q(u). What is f(5)?
-2
Suppose 2*a = h - 12, h - 3*h + a + 15 = 0. Let g be (-2)/h*-3*-5. Let b(n) = 8*n + 5. Let v(p) = -15*p - 9. Let l(q) = g*v(q) - 9*b(q). Give l(1).
3
Let j(l) = -3*l**3 + 4*l - 5 - 8*l**2 + 3*l**2 + 2*l**3. Determine j(-6).
7
Let r(j) = -20*j**2 + 11*j - 8. Let i(a) = 7*a**2 - 4*a + 3. Let h(p) = 11*i(p) + 4*r(p). Determine h(1).
-2
Let t(n) = -2*n - 28. Let m be t(0). Let g = 22 + m. Let h(u) = 2*u + 6. Determine h(g).
-6
Let c(o) be the second derivative of -o**4/12 - 2*o**3/3 - o**2 - 45*o. What is c(-3)?
1
Let y = -103 - -113. Let x(t) = -t + 9. Give x(y).
-1
Let z(f) = -4*f + 3. Let i(p) = 8*p - 6. Let v(y) = -2*i(y) - 5*z(y). Determine v(4).
13
Let p(n) = -n**3 - 3*n**2 - n - 1. Let c be (-3)/1*(-2)/3. Let h be 6/4 - (-9)/c. Let t be -1*3/(h/4). Calculate p(t).
-3
Let x(m) = m + 7. Let k = -14 + 9. What is x(k)?
2
Suppose -2 = -2*q - 4*p + 6, 25 = 5*q + 5*p. Let z(t) = -13 - 8 + t + 22. Calculate z(q).
7
Let v(i) = i - 7 + i - 3*i. Let p(a) = a**2 - 6*a - 3. Let t be p(6). Let u be v(t). Let m(b) = -b**3 - 4*b**2 + 2*b. What is m(u)?
-8
Let z(q) = -q**3 + 5*q**2 + 6*q - 6. Let v be z(6). Let g(p) = p**3 + 6*p**2 - 7. Calculate g(v).
-7
Let p(d) = 2*d**2 + 13*d - 1 + 1 - 14*d + 1. What is p(1)?
2
Let w(r) = -2*r**2 - 15*r - 4. Let t be w(-7). Let m(l) = -l**3 + 2*l**2 + 3*l + 1. Give m(t).
1
Suppose u = -i - 0*i - 7, -4*u + 17 = -5*i. Let h(l) = -l**2 - 6*l - 1. Give h(i).
4
Let n(o) = -o**3 + 6*o**2 + 3. Suppose -p = 2*z - 7, -4*z - 3*p + 7 = -2. Let x be n(z). Let q(a) = a - x - 8*a + 8*a. Determine q(0).
-3
Let r(j) = j**3 + 5*j**2 + 4*j + 4. Let u be r(-4). Let n(y) = 2*y + 2 + 5*y - 5*y. Calculate n(u).
10
Let b(x) = x**3 + 4*x**2 - 4. Let z(c) = c + 5. Let p be z(7). Suppose -t + 5*t + p = 0. Calculate b(t).
5
Let j be (-2)/4*(-2 + -2 + 0). Let x(b) = -2*b - 1. Let f(v) = v**2 + 2*v + 1. Let r(a) = -2*f(a) - 3*x(a). What is r(j)?
-3
Let k = -1 + -4. Let d be (-1 + 2)/((-1)/(-19)). Let m(y) = -2 - 4 + 17*y - d*y. Give m(k).
4
Let z(p) = 77*p**2 - p**3 - 1 - 77*p**2. Give z(0).
-1
Let o(r) = r**3 - 3*r**2 - 4*r - 4. Suppose -29 = -3*h - 17. What is o(h)?
-4
Let k(u) be the first derivative of -u**4/12 - 7*u**3/6 - 3*u**2 - 2*u + 1. Let f(m) be the first derivative of k(m). Calculate f(-5).
4
Let z(q) = -2*q - 8. Suppose 0 = -2*y + 2*r - 14, -2*y + 2*r - 17 = -3*r. Calculate z(y).
4
Let f(r) = -7*r**2 - 5*r - 6. Let x(p) be the first derivative of 13*p**3/3 + 9*p**2/2 + 11*p - 3. Let a(v) = 11*f(v) + 6*x(v). Give a(0).
0
Let b(p) = 2*p - 3. Let f be b(2). Let z(t) be the third derivative of -1/24*t**4 + 0*t + 1/6*t**3 + 7*t**2 + 1/120*t**6 + 0 + 0*t**5. Give z(f).
1
Let n be 0 - -1 - (-10)/(-5). Let x(s) = 6*s**3 + 2*s + s**2 - 3*s - 2*s**2. Calculate x(n).
-6
Let w(g) = -g**2 - 10*g - 8. Let k(z) = -z - 1. Let c = 2 - 7. Let y = -3 - -4. Let s(n) = c*k(n) + y*w(n). Determine s(-4).
1
Let n(w) = 7*w**2 - 1. Let j be -1*(-1)/(-4)*-12. Suppose -2 - j = 5*f. Give n(f).
6
Let u(f) = 4*f + 3. Suppose -27 = v - 4*v. Let q be -1 + 0 - (v - 8). Determine u(q).
-5
Let w(n) = 2 - n**3 - 3 + n**2 + 3*n**3 - n. Let k be w(-1). Let m(v) be the third derivative of -v**4/24 + v**3/6 + 3*v**2. Give m(k).
2
Let c(q) be the first derivative of 2*q**2 + 2*q - 2. Suppose 2*h = 8*h + 12. Determine c(h).
-6
Let a(b) = -b + 7. Suppose -3*t = -2*w - 31 + 7, 2*w = 0. Give a(t).
-1
Let b(x) = -1 - 6 + 6 + x**2 + 0. What is b(4)?
15
Let u(j) = j**3 - 4*j**2 - j - 1. Suppose p - 1 = r, -2*r = 5*p + 2 - 28. Give u(r).
-13
Suppose 0*r = -r + 1. Suppose 2*i + 5*n = -r, -3*i + i + n + 17 = 0. Let g(y) = -4 + 6 + y**2 + 0*y - i*y. Give g(5).
-8
Let q(c) = -c**2 - 3*c. Let h(s) be the third derivative of s**6/120 - 2*s**5/15 + 3*s**4/8 - s**3/2 + 2*s**2. Let z be h(7). Let d = z + -15. What is q(d)?
-4
Let f be 6/(-4)*(120/(-9))/4. Let v(y) be the first derivative of y**4/4 - 4*y**3/3 - 3*y**2/2 - y + 2. Calculate v(f).
9
Suppose 